-7).
7
Let k(z) = -z + 36. What is k(28)?
8
Let m(i) = -i**3 - 8*i**2 + 3*i + 15. Determine m(-7).
-55
Let c(f) = -3*f**2 + 14*f - 1. Determine c(4).
7
Let v(b) = -b**3 - 2*b**2 - b - 7. Give v(-3).
5
Let d(p) = p**3 - 22*p**2 + 22. What is d(22)?
22
Let a(i) = -2*i - 12. Give a(8).
-28
Let z(s) = -s**2 + 2*s - 5. What is z(0)?
-5
Let u(b) = -31*b - 7. What is u(-2)?
55
Let t(k) = k**3 - 8*k**2 - 32*k - 12. Determine t(11).
-1
Let w(s) = -2*s**3 - 4*s**2 + 5*s - 4. Calculate w(2).
-26
Let n(w) = -5*w**2 + 121*w - 20. What is n(24)?
4
Let q(r) = 447*r - 445. What is q(1)?
2
Let y(w) = -3*w**2 - 54*w - 15. What is y(-19)?
-72
Let i(j) = j**2 + 3*j - 1. Determine i(-1).
-3
Let f(a) = a**3 - 12*a**2 + 22*a - 30. Calculate f(10).
-10
Let l(h) = 11*h**3 + 3*h**2 + 3*h + 1. Determine l(-1).
-10
Let o(f) = -7*f**2 + f + 3. What is o(-2)?
-27
Let t(v) = 3*v - 5. Determine t(0).
-5
Let r(m) = 30*m - 97. Determine r(6).
83
Let y(r) = -23*r - 101. Determine y(-5).
14
Let k(u) = -4*u - 4. What is k(12)?
-52
Let s(w) = -w**2 + 15*w + 31. Determine s(17).
-3
Let f(g) = -11*g - 17. Calculate f(-2).
5
Let s(g) = 14*g - 5. Give s(2).
23
Let h(n) = 2*n**3 - 40*n**2 - n + 20. Determine h(20).
0
Let a(y) = 22*y + 181. What is a(-6)?
49
Let k(z) = z**3 - 5*z**2 + 4*z - 5. Calculate k(4).
-5
Let c(z) = 4*z**2 - 4*z - 5. Calculate c(3).
19
Let n(i) = i**2 - 4*i - 48. What is n(9)?
-3
Let b(r) = 15*r - 3. Give b(3).
42
Let t(w) = w**2 - 12*w + 1. Calculate t(7).
-34
Let m(w) = 40*w + 311. Determine m(-8).
-9
Let s(o) = -7*o**2 - 146*o + 33. Determine s(-21).
12
Let q(g) = g**3 - 40*g**2 - 29*g - 483. Give q(41).
9
Let p(z) = z**3 - 18*z**2 + 19*z - 24. Calculate p(17).
10
Let r(y) = y**3 + 2*y**2 + 3*y + 4. Calculate r(-3).
-14
Let d(j) = -9*j - 37. Give d(-5).
8
Let n(h) = -5*h - 1. What is n(-9)?
44
Let d(u) = -u**3 - 15. Give d(0).
-15
Let i(k) = -k**3 - 8*k**2 - 2*k + 15. Calculate i(-7).
-20
Let f(t) = -2*t**3 + 14*t**2 - 12*t - 6. Give f(6).
-6
Let t(w) = -6*w - 1. Determine t(7).
-43
Let m(o) = -o**2 - 12*o - 14. Give m(-9).
13
Let m(n) = n**3 - 9*n**2 + 2*n + 29. What is m(8)?
-19
Let s(x) = x**2 - 4*x + 5. What is s(3)?
2
Let f(x) = -x**3 + 6*x**2 - 5*x + 2. Determine f(5).
2
Let r(u) = u**3 - 2*u**2 - 4*u - 2. What is r(4)?
14
Let d(q) = 5*q**2 - 51*q + 9. Determine d(11).
53
Let m(o) = -2*o**2 - 47*o + 56. Determine m(-25).
-19
Let h(u) = u**2 + u - 7. Determine h(-4).
5
Let r(h) = -3*h**2 - 29*h + 7. Calculate r(-10).
-3
Let k(u) = 4*u - 26. Calculate k(8).
6
Let p(k) = -k**3 - 11*k**2 - 7*k + 17. Give p(-10).
-13
Let m(t) = -4*t**2 + 69*t - 140. Determine m(15).
-5
Let y(j) = 10*j**2 + 4*j - 4. Give y(1).
10
Let d(n) = n**3 - 16*n**2 + 5*n - 35. Give d(16).
45
Let t(l) = l**2 - 11*l - 11. What is t(9)?
-29
Let g(q) = 24*q**2 + q - 1. Give g(1).
24
Let h(u) = -u**2 + 15*u - 40. Calculate h(6).
14
Let y(g) = -g**3 - 9*g**2 + 2*g - 8. Determine y(-9).
-26
Let n(o) = -o + 2. Determine n(-10).
12
Let c(y) = -y**2 + 19*y - 24. Give c(19).
-24
Let d(c) = -c**3 + 16*c**2 - 4. Calculate d(16).
-4
Let a(s) = -s**3 + s**2 + 1. What is a(-2)?
13
Let k(a) = a**2 - 7*a + 3. What is k(4)?
-9
Let q(p) = 2*p**2 - 14*p + 3. Give q(6).
-9
Let x(p) = -2*p + 17. Calculate x(0).
17
Let v(z) = z**2 + 4*z + 5. Calculate v(-6).
17
Let v(q) = -q**2 - q - 15. Give v(4).
-35
Let v(q) = -4*q**2 + q + 2. Determine v(2).
-12
Let s(m) = -2*m**3 - 19*m**2 + 10*m - 23. Give s(-10).
-23
Let t(r) = 2*r - 33. What is t(21)?
9
Let d(v) = v**2 + 5*v + 14. Calculate d(-9).
50
Let o(i) = 7*i - 351. Calculate o(50).
-1
Let y(f) = f**3 + 9*f**2 + 3*f + 22. Give y(-9).
-5
Let s(l) = -14*l + 94. What is s(7)?
-4
Let l(w) = w**2 - 8*w + 9. What is l(4)?
-7
Let o(y) = -63*y - 10. Determine o(-2).
116
Let b(r) = r**2 + r + 21. Determine b(0).
21
Let a(t) = -t**3 + 8*t**2 + 11*t - 19. Calculate a(9).
-1
Let h(s) = -10*s + 302. Give h(27).
32
Let q(v) = 4*v - 101. Calculate q(20).
-21
Let f(r) = r**2 + 8*r + 4. Determine f(-6).
-8
Let h(u) = u**2 - 5*u + 4. Calculate h(7).
18
Let k(b) = 7*b - 1. Determine k(5).
34
Let l(b) = b**2 + 12*b - 22. Calculate l(-16).
42
Let q(l) = 8*l + 2. What is q(1)?
10
Let f(j) = 9*j**3 + 2*j**2 - 3*j + 2. Calculate f(1).
10
Let w(l) = l**3 - 25*l**2 + 49*l - 61. What is w(23)?
8
Let k(z) = -7*z + 31. What is k(8)?
-25
Let y(q) = -q**2 + 3*q - 16. Give y(5).
-26
Let t(b) = -2*b**2 - 6*b + 1. Determine t(1).
-7
Let w(r) = r**2 - 12*r + 6. Calculate w(10).
-14
Let d(j) = -2*j - 15. What is d(-13)?
11
Let m(f) = 5*f - 5. What is m(6)?
25
Let r(x) = -x + 3. Give r(4).
-1
Let k(u) = 2*u**3 - 2*u**2 - 3*u + 4. Determine k(-3).
-59
Let d(y) = 2*y - 9. Determine d(8).
7
Let r(j) = -13*j - 2. Give r(-1).
11
Let s(q) = -2*q - 3. Give s(5).
-13
Let p(j) = 4*j - 7. Determine p(5).
13
Let y(j) = 3*j + 33. Calculate y(-7).
12
Let s(p) = -p**3 - 6*p**2 + 10*p - 8. Determine s(-8).
40
Let m(j) = -j**3 - 3*j**2 + 14*j + 35. Calculate m(-3).
-7
Let o(j) = -j**2 + 9*j + 22. Give o(8).
30
Let t(n) = 9*n**2 - 2*n - 1. What is t(-1)?
10
Let t(q) = -15*q - 200. What is t(-14)?
10
Let m(v) = -15*v + 39. Calculate m(2).
9
Let y(b) = b**3 - 16*b**2 - b + 23. Calculate y(16).
7
Let j(k) = -5*k + 62. Calculate j(14).
-8
Let r(i) = 13*i + 91. Calculate r(-8).
-13
Let k(w) = -31*w - 14. Determine k(-6).
172
Let m(r) = r**3 - 5*r**2 + 3*r + 1. Give m(3).
-8
Let b(x) = 75*x - 313. Determine b(4).
-13
Let a(p) = p + 11. What is a(5)?
16
Let u(z) = -z**2 + 3*z - 12. What is u(6)?
-30
Let x(p) = -5*p + 75. Calculate x(25).
-50
Let m(r) = -2*r**3 + 50*r**2 - 46*r - 12. What is m(24)?
36
Let x(t) = -t**3 + t**2 + 23*t + 3. Give x(-4).
-9
Let a(w) = w**3 - 17*w**2 + 4*w - 73. Determine a(17).
-5
Let t(c) = -c**2 - 9*c + 1. What is t(-8)?
9
Let u(b) = -2*b - 14. What is u(-6)?
-2
Let n(t) = -6*t + 73. Give n(10).
13
Let f(a) = -a**3 + 16*a**2 + 36*a + 43. Give f(18).
43
Let n(b) = -b**3 - 20*b**2 - 19*b + 7. Give n(-19).
7
Let f(j) = j**2 - 8*j - 37. What is f(9)?
-28
Let g(q) = -q**2 - q - 1. Give g(-4).
-13
Let r(c) = -3*c**2 - 20*c + 38. What is r(-8)?
6
Let c(p) = -p**2 + 18*p + 5. Give c(18).
5
Let x(k) = -39*k + 738. Determine x(19).
-3
Let x(r) = -5*r - 44. Determine x(-20).
56
Let c(t) = 4*t**2 - t - 3. What is c(-2)?
15
Let o(s) = -s**3 - 13*s**2 - 11*s + 8. Give o(-12).
-4
Let q(n) = n**2 - 19*n + 38. Give q(18).
20
Let s(k) = -k - 1. Give s(-3).
2
Let y(h) = -3*h**2 + 3. Give y(2).
-9
Let m(n) = -2*n**2 - 3*n + 5. Determine m(-5).
-30
Let m(u) = -2*u + 67. What is m(0)?
67
Let b(s) = -s**3 - s**2 + 37*s. Give b(-7).
35
Let i(o) = o**2 - 19*o - 49. Give i(-3).
17
Let w(t) = t**3 + 2*t**2 - t. Determine w(0).
0
Let d(w) = 12*w + 103. Calculate d(-9).
-5
Let p(c) = 2*c**3 + 90*c**2 - 90*c + 97. Determine p(-46).
5
Let z(w) = -2*w**3 - 4*w**2 + 12*w + 13. What is z(-3)?
-5
Let w(x) = 2*x**2 + 11*x + 16. What is w(-3)?
1
Let w(m) = m**3 - 27*m**2 - 5*m + 138. Give w(27).
3
Let y(j) = -4*j - 20. Determine y(-4).
-4
Let k(n) = 3*n + 2. What is k(-3)?
-7
Let s(p) = -p**2 + 7*p - 3. Determine s(2).
7
Let v(z) = -z**2 + 15*z - 37. Determine v(7).
19
Let v(l) = -l**3 - 6*l**2 + 16*l - 7. Give v(-8).
-7
Let v(r) = r + 8. Determine v(-12).
-4
Let i(f) = f**3 - 11*f**2 - 27*f + 20. What is i(13)?
7
Let k(z) = -z + 23. Calculate k(25).
-2
Let n(z) = 13*z. Give n(5).
65
Let d(y) = y - 7. Determine d(11).
4
Let f(u) = 4*u**2 + u + 4. What is f(-2)?
18
Let h(o) = -o**3 + 28*o**2 - 24*o - 66. Give h(27).
15
Let y(s) = -s**2 - 9*s. Determine y(4).
-52
Let n(r) = r**2 + 8*r + 10. Determine n(-7).
3
Let g(f) = f**3 - 6*f**2 - 3*f + 6. What is g(3)?
-30
Let w(b) = 4*b**2 + 6*b - 3. Give w(-6).
105
Let b(g) = 2*g**3 + 139*g**2 + 74*g + 338. Give b(-69).
-7
Let c(s) = -3*s**2 + 11*s + 29. Determine c(5).
9
Let g(y) = -4*y**3 + 5*y**2 - 7*y. What is g(3)?
-84
Let b(k) = -3*k + 29. Determine b(6).
11
Let a(m) = -m**2 + 11. Give a(7).
-38
Let m(z) = -2*z**2 + 7*z + 7. Calculate m(8).
-65
Let d(j) = -13*j - 49. Calculate d(-4).
3
Let b(w) = -w**3 - 2*w - 8. Calculate b(0).
-8
Let f(y) = -3*y - 21. Determine f(-9).
6
Let p(f) = f**3 - 25*f**2 - 2*f + 54. Determine p(25).
4
Let w(h) = -2*h + 8. Determine w(-5).
18
Let w(k) = -2*k - 31. Calculate w(-14).
-3
Let q(d) = -2*d - 3. Calculate q(-16).
29
Let i(p) = -p**3 - 7*p**2 + 6